{"id":2,"date":"2016-05-10T03:48:21","date_gmt":"2016-05-10T01:48:21","guid":{"rendered":"http:\/\/foto-rehermann.de\/?page_id=2"},"modified":"2020-06-11T10:53:15","modified_gmt":"2020-06-11T08:53:15","slug":"sample-page","status":"publish","type":"page","link":"https:\/\/foto-rehermann.de\/","title":{"rendered":"Willkommen"},"content":{"rendered":"<p>Ich bin Hobbyfotograf und nutze diese Internetseite, um eine kleine Auswahl meiner Fotos vorzustellen. Ich freue mich, wenn sie dem Betrachter gefallen und freue mich auch \u00fcber Feedback im G\u00e4stebuch.<\/p>\n<p>Viel Spa\u00df beim Betrachten. \u00a0<\/p>\n<p>Gr\u00fc\u00dfe\u00a0Andreas Rehermann<\/p>\n\n\n<p><\/p>\n","protected":false},"excerpt":{"rendered":"<p>Ich bin Hobbyfotograf und nutze diese Internetseite, um eine kleine Auswahl meiner Fotos vorzustellen. Ich freue mich, wenn sie dem Betrachter gefallen und freue mich auch \u00fcber Feedback im G\u00e4stebuch. Viel Spa\u00df beim Betrachten. \u00a0 Gr\u00fc\u00dfe\u00a0Andreas Rehermann<\/p>\n","protected":false},"author":1,"featured_media":553,"parent":0,"menu_order":0,"comment_status":"closed","ping_status":"closed","template":"templates\/full-width-page.php","meta":{"footnotes":""},"tags":[16,17,19,15,18],"class_list":["post-2","page","type-page","status-publish","has-post-thumbnail","hentry","tag-andreas","tag-darmstadt","tag-foto","tag-rehermann","tag-rossdorf"],"jetpack_sharing_enabled":true,"_links":{"self":[{"href":"https:\/\/foto-rehermann.de\/index.php?rest_route=\/wp\/v2\/pages\/2","targetHints":{"allow":["GET"]}}],"collection":[{"href":"https:\/\/foto-rehermann.de\/index.php?rest_route=\/wp\/v2\/pages"}],"about":[{"href":"https:\/\/foto-rehermann.de\/index.php?rest_route=\/wp\/v2\/types\/page"}],"author":[{"embeddable":true,"href":"https:\/\/foto-rehermann.de\/index.php?rest_route=\/wp\/v2\/users\/1"}],"replies":[{"embeddable":true,"href":"https:\/\/foto-rehermann.de\/index.php?rest_route=%2Fwp%2Fv2%2Fcomments&post=2"}],"version-history":[{"count":0,"href":"https:\/\/foto-rehermann.de\/index.php?rest_route=\/wp\/v2\/pages\/2\/revisions"}],"wp:featuredmedia":[{"embeddable":true,"href":"https:\/\/foto-rehermann.de\/index.php?rest_route=\/wp\/v2\/media\/553"}],"wp:attachment":[{"href":"https:\/\/foto-rehermann.de\/index.php?rest_route=%2Fwp%2Fv2%2Fmedia&parent=2"}],"wp:term":[{"taxonomy":"post_tag","embeddable":true,"href":"https:\/\/foto-rehermann.de\/index.php?rest_route=%2Fwp%2Fv2%2Ftags&post=2"}],"curies":[{"name":"wp","href":"https:\/\/api.w.org\/{rel}","templated":true}]}}